pose -22*v + 25*v - 5*w - 140 = 0, 2*v - w - 84 = 0. What is the greatest common factor of 120 and v?
40
Suppose -3*q = -4*q - 88. Let t be q/6*30/(-20). Suppose 0 = 4*w - 5*f - 220, 9 = -w - 4*f + 64. What is the greatest common factor of w and t?
11
Suppose 6*a - 63 - 369 = 0. Calculate the highest common factor of a and 96.
24
Suppose 2*j + j - 5*u - 35 = 0, -3*u = -2*j + 22. Suppose 1 = 2*i - j. Let t be 16*((-57)/(-6) - i). What is the highest common divisor of t and 26?
26
Suppose y = 11 + 8. Let d = 1272 + -589. Suppose 5*k + 208 - d = 0. What is the greatest common factor of k and y?
19
Suppose b - 10 = -4*g + 20, 0 = -b + 2*g + 6. Suppose -13*o + b = -12*o. Let i be 3020/o - 2/(-7). What is the greatest common factor of 24 and i?
24
Let m be (-24)/9*30/(-8). Suppose -16*t + m*t = -300. Let j(d) = 17*d + 6. Let f be j(7). Calculate the highest common divisor of t and f.
25
Let g = -85 + 124. Suppose 11*p + g = 14*p. Let y = 49 - -3. What is the highest common factor of y and p?
13
Let f be (2/3)/(55/27 - 2). Let k(l) = l**3 + 16*l**2 - 4*l - 19. Let s be k(-16). What is the highest common divisor of f and s?
9
Suppose 5*l = -5*s + 315, 5*s - 3*s - 147 = 5*l. Calculate the highest common factor of s and 2838.
66
Suppose -2*w = -5*c + 624, 3*c + 3*w + w = 364. Calculate the greatest common divisor of c and 31.
31
Suppose 4*t - 217 = 5*n - 58, -5*n + 25 = 0. What is the highest common divisor of t and 1587?
23
Let v = 16 - 11. Let b be (-5)/(v/2) - -23. Let g(x) = -37*x - 1. Let j be g(-4). What is the greatest common factor of j and b?
21
Suppose 3*g - 4*y = 34, 3*g + 2*g = -5*y + 115. Let x be -33 - -45 - 210/(-2). What is the greatest common factor of g and x?
9
Let x = -1684 + 2089. Calculate the highest common divisor of 180 and x.
45
Let g(a) = 152*a - 2. Let v be g(5). Suppose -7*l = -v - 194. Calculate the greatest common divisor of l and 17.
17
Suppose 5*t - 3*v = 176, -t + 4*v + 43 = 6*v. Calculate the greatest common divisor of 1073 and t.
37
Suppose 3*r - 5*q - 87 = 0, 52 = 2*r - 3*q - 7. Let k(c) = -c**3 + 11*c**2 + 10*c - 8. Let m be k(11). What is the greatest common divisor of m and r?
34
Let i(x) be the first derivative of -x**3/3 - 5*x**2/2 - 9*x - 5. Let y be i(-4). Let r be y*((-32)/10)/2. Calculate the greatest common factor of r and 40.
8
Let k = -245 + 343. Let y(i) = -2*i + 20. Let l be y(3). Calculate the highest common factor of k and l.
14
Let c(r) = -r**3 + 5*r**2 + 12*r - 3. Let y be c(6). Suppose j + y = 4*j + 3*q, 3*j = 5*q + 57. What is the highest common factor of 2 and j?
2
Suppose 22 = 43030*b - 43019*b. Suppose -5*y + p + p + 26 = 0, 0 = -y - p + 8. Let g = y - 4. Calculate the greatest common factor of b and g.
2
Suppose 11*c = 9*c - p + 317, 5*c + 2*p - 794 = 0. What is the highest common divisor of 128 and c?
32
Suppose w = -3*o + 553, 44*w - 40*w = 3*o + 2167. Calculate the greatest common factor of 17 and w.
17
Let m(v) = -v**3 + 14*v**2 + 3. Let x be m(14). Suppose -x*g = 5*j - 63, 0*g - 2*g + 2 = 0. Calculate the greatest common divisor of 48 and j.
12
Let r be 770/(-21)*99/(-6). Calculate the greatest common divisor of r and 121.
121
Let m(x) = 7*x**2 - 2*x - 4. Let h be m(-2). Suppose -h - 2 = 5*w. Let j be 3/(-9) - 434/w. What is the greatest common divisor of 24 and j?
24
Suppose 3*a = 32 - 14. What is the greatest common divisor of a and 1182?
6
Suppose 0 = -y - 4*y + 175. Let z = 37 - y. What is the highest common divisor of 14 and z?
2
Let l(w) = -w**2 + 9*w - 1. Let i be l(6). Let x = 72 + -66. Let u be (1 - 154)*x/(-18). Calculate the greatest common divisor of i and u.
17
Let j = -49 - -42. Let x(q) = -3*q - 11. Let z be x(j). What is the greatest common factor of 40 and z?
10
Let g(i) = -67*i - 2 + 1 - 4. Let l be g(-3). Suppose -l = -6*t - 16. Calculate the greatest common divisor of t and 75.
15
Let c be 24/42 + ((-1795)/(-7) - -2). What is the greatest common factor of 111 and c?
37
Let d be -3 + (-22 - (1 - 0)). Let a be (-82)/533 - -417*(-4)/d. Calculate the highest common divisor of a and 24.
8
Let p(d) = d - 6. Let x be p(8). Let n be x*(-2 - 212/8). Let f = -36 - n. Calculate the greatest common divisor of f and 189.
21
Let g be (-6)/(68/24 + -3). Suppose g*p - 35*p - 27 = 0. Let q be 2 - (-3 - 2/(-1)). Calculate the highest common divisor of p and q.
3
Let v be (1334/(-3))/(-7 - 228/(-36)). What is the greatest common divisor of v and 29?
29
Suppose -20 = 6*a - 2*a. Let g be (80/a)/(-2 - -1). Suppose -2*b = 8 - 40. Calculate the greatest common divisor of b and g.
16
Suppose -2*l - l + 6 = 0. Suppose -s = -3*k, l*s - k - 14 = 6. What is the highest common factor of s and 6?
6
Let o be (36/16)/(6/80). Calculate the highest common factor of o and 510.
30
Suppose 8*z + 70 = 22. Let y(u) = u**2 + 2*u - 4*u + 6*u. Let o be y(z). What is the greatest common factor of o and 132?
12
Let r = 30 + -38. Let n be (-4)/1 - (r + 0). What is the greatest common divisor of 12 and n?
4
Let c be (-22)/4*(-2700)/495. What is the highest common factor of c and 80?
10
Let q(o) = o**2 - 6*o + 9. Let f(m) = m**3 + 8*m**2 + 6*m - 3. Let g be f(-7). Let u be q(g). What is the highest common factor of 7 and u?
1
Let f be (11 - 61)/(6/(-33)). What is the highest common factor of 110 and f?
55
Let g(a) = -a**2 - a - 1. Let p(o) = 3*o**2 + 21*o - 14. Let i(w) = 4*g(w) + p(w). Let c be i(9). Calculate the highest common factor of 6 and c.
6
Let t = 2 + -1. Let f = -6212 - -6215. Calculate the greatest common divisor of f and t.
1
Let m = -17 + 232. Suppose 0 = 5*f - 3*c - m, -3*f - 5*c = f - 135. What is the greatest common factor of f and 80?
40
Suppose 675 = -13*l + 8*l. Let j = 289 + l. Calculate the greatest common factor of j and 14.
14
Let w = -146 - -140. Let l be 9/w - (-69)/6. What is the highest common factor of 110 and l?
10
Let i = -389 + 424. What is the highest common divisor of 595 and i?
35
Let u(i) = -72*i + 5. Let z be u(-1). Calculate the greatest common factor of 88 and z.
11
Let f(c) = -5*c + 53. Let a be f(8). Suppose -1 = 4*i - 5*i. What is the greatest common divisor of a and i?
1
Let c = 43 - 37. Let w be 1068/9 + 2/c. Calculate the greatest common factor of w and 17.
17
Let s(h) = h**3 - 10*h**2 + 11*h. Let m be s(5). Let v = m + 102. Calculate the highest common factor of v and 4.
4
Suppose 607 + 196 = -11*q. Let h = -38 - q. Suppose -3*g + 8*g - 3*o = 10, 3*o = 3*g. What is the greatest common divisor of h and g?
5
Suppose -327*z - 374 = -344*z. Let a = 5 + 6. Calculate the greatest common divisor of z and a.
11
Let t be -5*(-9)/60 - (-217)/4. Let r = 59 - t. Calculate the highest common factor of 10 and r.
2
Let x = -154 + 220. Suppose -2*q - 2 = 4*f, -f = 5*q - q - 3. Let b be (-2 + q - -2)*6. What is the greatest common divisor of b and x?
6
Suppose 5*v = -5*l, l - 3 = 4*v + 2. Suppose -w = 5, 7*a + l = 6*a - w. Calculate the highest common divisor of a and 12.
4
Suppose w - 19 = 1. Let c(s) = -s + 5. Let v be c(0). Suppose 0 = -2*j - v*r + 28, 5*r - 12 - 20 = -3*j. Calculate the highest common divisor of j and w.
4
Let w = 3 + 1. Let y(r) = -r**3 + 5*r**2 - 5*r + 3. Let n be y(w). Let b be 20/(n*(1 + -3)). Calculate the highest common divisor of b and 10.
10
Suppose -144 - 153 = -3*g. Suppose 2*q - q - 3 = 0. Suppose q*r - 36 = -r. Calculate the highest common divisor of r and g.
9
Let y(a) = 3*a**3 + 18*a**2 - a. Let b be y(-4). Calculate the highest common factor of b and 380.
20
Suppose -4*g + 691 + 145 = 0. Let z be ((-2)/3)/((-2)/(-9)). Let i(a) = -5*a + 4. Let l be i(z). Calculate the greatest common divisor of g and l.
19
Let m = -49 - -57. Suppose l - a = 4*a + 15, 2*l = 5*a + 35. Calculate the greatest common divisor of l and m.
4
Suppose 5*o - 16 = c, 0 = -4*o - 3*c + 9 - 0. Suppose a = -o*x + 23, -54 = -3*a - 5*x + x. Calculate the highest common factor of 112 and a.
14
Let h(s) = -s + 2. Let r be h(-2). Let i be 40*(-5 + 30/4). Suppose 68 = r*k - i. What is the highest common divisor of k and 14?
14
Suppose a + 744 = 2*o + 5*a, 4*o - 4*a - 1476 = 0. What is the highest common factor of 74 and o?
74
Suppose -7*m - 22 = -j + 28, 0 = 2*j - 3*m - 100. Calculate the greatest common divisor of j and 130.
10
Let a be (10/8)/(6/72). Suppose -s = -4*s + a. Suppose s*